n factor of r and l?
10
Suppose 7*i - 3*i = 40. Suppose 4 = -4*w, 1 = -4*q + 5*w + 34. Let p = q + -2. Calculate the greatest common factor of p and i.
5
Let x(l) = l**3 + l + 17. Let y be x(0). Let c = 313 - 194. What is the highest common divisor of c and y?
17
Suppose v + u - 79 = 0, 2*u + 35 = v - 59. Suppose 0 = 3*m + 6*m - 126. What is the greatest common factor of v and m?
14
Let n(d) = -d + 2. Let a be n(-14). Suppose 0 = -2*s + 6, 22 = 5*i - 4*s - a. What is the highest common factor of i and 2?
2
Let x(c) = 6*c**2 - c. Let v be x(1). Suppose -4*l = 5*s - 108, v*s + 3*l - 5*l = 126. Calculate the greatest common divisor of 96 and s.
24
Let i = -7 + 28. Suppose -a = -3*f - 14, -32 - i = -5*a - 2*f. Suppose 0 = q + 2*q - 66. Calculate the highest common factor of a and q.
11
Suppose -11 = -2*o + 125. What is the greatest common divisor of o and 17?
17
Suppose 276 = 3*k - 21. Let n = 28 + -17. Calculate the greatest common factor of k and n.
11
Suppose -k + 5 = -0*k. Suppose k + 10 = -5*o, -87 = -5*c - o. Calculate the greatest common divisor of c and 12.
6
Let z = 21 + -11. Let u be (-15)/z + 39/2. What is the highest common divisor of 18 and u?
18
Let k = 106 + -101. Calculate the greatest common factor of 85 and k.
5
Suppose 17*m = 1488 + 1317. Let c(b) = 4*b - 1. Let t be c(4). Calculate the highest common divisor of m and t.
15
Let h(r) = 6*r**3 + r**2 - r. Let b be h(1). Let y = 2 - 1. Let w be (y + 0)/(1/24). Calculate the highest common divisor of b and w.
6
Let w be -7 + (-12)/(-4) + -39. Let l = -26 - w. Let h(s) = 18*s - 3. Let x be h(3). What is the highest common factor of x and l?
17
Let p be 10/(-3) - (-8)/(-12). Let c be 1/p*2*32. Let l be 6/4*c/(-6). What is the highest common factor of l and 8?
4
Let p(f) = -f**3 + 6*f**2 + 1. Let l be p(3). Let s = -18 + 25. Calculate the highest common divisor of l and s.
7
Let c be -6 + 8 + (16 + 1)/1. Calculate the highest common divisor of 76 and c.
19
Let z be 1/(-1 + (-32)/(-30)). Let d be ((-5)/(-10))/((-2)/(-44)). Suppose -s - 5 = -0*s - 2*t, 2*t = -s + d. Calculate the greatest common divisor of s and z.
3
Suppose -5*n = -2*n - 54. Let i(r) be the first derivative of -r**2 - r - 7. Let m be i(-5). What is the highest common factor of m and n?
9
Suppose -3*p = -p - 4*c - 162, 0 = -p - 3*c + 86. Let o = p + -47. What is the highest common divisor of o and 24?
12
Suppose -4*t - 8 = 5*d + 2, 4*d - 23 = 3*t. Suppose 3*q = m - 0*q - 17, d*m = -2*q + 26. What is the highest common divisor of m and 70?
14
Let h be 24/15 + (-2)/(-5). Calculate the greatest common factor of h and 8.
2
Let m(h) = -h**2 - 8*h + 11. Suppose -5 + 2 = -n - 3*j, 11 = -3*n - 4*j. Let p be m(n). Suppose 6 + 6 = p*v. Calculate the greatest common divisor of v and 54.
6
Suppose -4*n = -0*n - 352. Let k = n - 34. Suppose 0 = -4*y + 17 + 7. Calculate the highest common factor of k and y.
6
Suppose 10 = k - 3*z - 49, -5*k = -2*z - 308. Suppose -q = -10 - k. Let s = 45 + -27. Calculate the greatest common divisor of q and s.
18
Suppose 4*w - m - 12 = 0, 4*w - m = 3*w + 3. Suppose w*q - 41 = 40. Calculate the highest common divisor of q and 9.
9
Let d(u) = u**2 - u + 34. Let r be d(0). Suppose -2*g + r = 6. Let l be 2/7 - (-444)/g. What is the highest common factor of l and 16?
16
Let q(l) = -l**3 - 3*l**2 - 6*l - 5. Let u be q(-5). Let s(k) = -k**3 - 11*k**2 + 7*k - 10. Let v be s(-12). What is the greatest common divisor of v and u?
25
Let x = 1 + -1. Let p = x - -9. Let o be -72*(1 - p/6). What is the greatest common factor of o and 18?
18
Let z(n) = n**3 - 4*n**2 - 3*n + 2. Let h be z(5). Suppose -2*s + 5 = -11. Calculate the highest common divisor of s and h.
4
Let t = 197 - 185. What is the highest common divisor of 348 and t?
12
Let b(d) = 29*d + 1. Let s(f) = -f**2 - 8*f - 6. Let q be s(-7). Let v be b(q). What is the greatest common divisor of 20 and v?
10
Let x(z) = z**2 - 4*z - 2. Let k be x(6). What is the highest common divisor of 10 and k?
10
Suppose -2*d = -7*d + 45. Let x = -21 + 34. Let k = 14 + x. Calculate the highest common factor of d and k.
9
Let u(r) be the third derivative of r**4/24 - 3*r**2. Let w be u(0). Suppose w*s - 4 = -2*s. What is the greatest common divisor of 5 and s?
1
Suppose 2*c = -4 + 22. Suppose -21 + 3 = -3*q. Calculate the greatest common divisor of c and q.
3
Let t(d) = -5*d. Let n(i) = -i - 1. Let g(q) = -6*n(q) + t(q). Let p = 14 + -7. Let a be g(p). What is the greatest common divisor of 13 and a?
13
Let h = -69 - -137. Calculate the highest common divisor of h and 102.
34
Suppose -h + 5*s = -11 - 7, 2*s + 6 = h. Let v be ((-1)/(-2))/(h/(-40)). Let b be 25*(4/v + 0). Calculate the highest common divisor of b and 110.
10
Let d = -11 - -17. What is the highest common divisor of d and 15?
3
Let i(r) be the third derivative of -r**4/24 + r**3 - 5*r**2. Let s be i(4). Suppose 0 = 2*f - 12. Calculate the greatest common divisor of f and s.
2
Let q(u) = 56 + 28 + u - 4. Let o be q(0). What is the greatest common divisor of o and 32?
16
Let s(r) = r**3 + 3*r**2 - 3*r + 2. Let w be s(-4). Let n be 9 - (-1)/w*6. Suppose 5*v - 3*v = 36. Calculate the greatest common factor of n and v.
6
Let u be (1 - 2)*(2 + -3). What is the greatest common divisor of u and 5?
1
Suppose -4*f + 138 = v, f = -0*f + 2*v + 39. Let w(c) = c + 9. Let j be w(5). Calculate the greatest common divisor of j and f.
7
Suppose -10*v + 5*v + 60 = 0. What is the greatest common divisor of v and 36?
12
Suppose -1008 = k - 5*k - 4*c, c = 2*k - 507. Let y(l) = 23*l**3 - l**2 + 2*l - 1. Let b be y(1). Calculate the greatest common factor of b and k.
23
Let t be -33*(5/3 + -2). What is the highest common divisor of t and 55?
11
Let g be -1 + (6 - 3 - 3). Let t be g - (-3 + 1) - -4. Suppose 3*p + 3*c - 4 = 5*c, 5*p = -4*c + 14. Calculate the highest common divisor of p and t.
1
Let r(u) = u + 30. Let y = 9 + -9. Let g be r(y). Calculate the greatest common factor of 5 and g.
5
Let t = 42 + -9. Let m(x) = -2*x - 8. Let i be m(-7). Let n = 9 - i. What is the highest common factor of n and t?
3
Let l = -5 - -5. Suppose 3*t - 32 = -y - l*y, t - 34 = -5*y. What is the highest common divisor of t and 3?
3
Suppose -3*z + 7*z = 56. Let a(u) = -u**3 - 15*u**2 + u + 22. Let y be a(-15). Calculate the greatest common factor of z and y.
7
Let t(p) = -p**2 + 17 + 3*p + 2*p - 4*p. Let v be t(0). Suppose 0 = 8*l + l - 153. What is the greatest common factor of l and v?
17
Suppose -2*m - 61 = -3*z, m + 0*m - 1 = 0. Suppose 7 = 4*x - 5. What is the highest common divisor of z and x?
3
Let a = 2 - 12. Let m(i) = 2*i**2 + 5*i + 3. Let t be m(a). Calculate the highest common divisor of 17 and t.
17
Let a be 9*(-5)/9*-6. Calculate the greatest common divisor of a and 240.
30
Let v be 24/14*7/1. Calculate the greatest common divisor of 3 and v.
3
Let b be (-14)/(-6)*(3 + 3). Suppose -4*n = l - 30, -2*l + 0*n - 4*n = -44. Calculate the greatest common factor of l and b.
14
Let l be (-4)/(-10) + 4/(-10). Let b be 2 + 0 - (-2 - l). Calculate the greatest common factor of 44 and b.
4
Let n(t) = 30*t + 1. Suppose 4*u + 5*r - 44 = 0, 2*u + 5*r = 36 - 4. Suppose -u*q + 4*q = -6. Let x be n(q). Calculate the greatest common factor of 13 and x.
13
Let b(a) be the third derivative of 5*a**4/12 - 2*a**3/3 - 3*a**2. Let o be b(2). Calculate the greatest common divisor of o and 40.
8
Suppose 0 = -2*s - 2*s - 1496. Let a = -242 - s. What is the highest common divisor of a and 12?
12
Suppose -4*x = -4*p + 244, 0 = -4*p - p + 3*x + 295. Let q be (1 + -5)*-2*14/8. What is the highest common factor of q and p?
14
Let i = -92 - -136. What is the greatest common divisor of 44 and i?
44
Suppose -t = b - 0*b - 15, -4*t + 2*b = -48. Calculate the greatest common factor of 117 and t.
13
Let v be (-2)/4 + 178/4. Suppose -5*t - 5 = -0*h + 5*h, -4*t + 4*h - v = 0. Let r be (-148)/t - (-1)/3. Calculate the highest common divisor of 5 and r.
5
Let i be 2/(-2*1) - -4. Let x = i - 1. Suppose 40 = 6*j - x*j. What is the highest common divisor of j and 25?
5
Let q = 5 + -11. Let r be -175*(-1 + q/(-10)). Calculate the highest common factor of 10 and r.
10
Let y(s) be the third derivative of s**4/12 + s**3/2 - 8*s**2. Let l be y(5). Calculate the greatest common factor o